{"id":61,"date":"2024-11-20T15:08:42","date_gmt":"2024-11-20T14:08:42","guid":{"rendered":"https:\/\/cannabisante.org\/?page_id=61"},"modified":"2024-12-17T16:16:00","modified_gmt":"2024-12-17T15:16:00","slug":"qui-sommes-nous","status":"publish","type":"page","link":"https:\/\/cannabisante.org\/index.php\/qui-sommes-nous\/","title":{"rendered":"Qui sommes-nous ?"},"content":{"rendered":"\t\t<div data-elementor-type=\"wp-page\" data-elementor-id=\"61\" class=\"elementor elementor-61\">\n\t\t\t\t<div class=\"elementor-element elementor-element-8acbde5 e-flex e-con-boxed e-con e-parent\" data-id=\"8acbde5\" data-element_type=\"container\">\n\t\t\t\t\t<div class=\"e-con-inner\">\n\t\t\t\t<div class=\"elementor-element elementor-element-a79de60 elementor-widget elementor-widget-heading\" data-id=\"a79de60\" data-element_type=\"widget\" data-widget_type=\"heading.default\">\n\t\t\t\t<div class=\"elementor-widget-container\">\n\t\t\t\t\t<h1 class=\"elementor-heading-title elementor-size-default\">Membres<\/h1>\t\t\t\t<\/div>\n\t\t\t\t<\/div>\n\t\t\t\t\t<\/div>\n\t\t\t\t<\/div>\n\t\t<div class=\"elementor-element elementor-element-ee95cd1 e-flex e-con-boxed e-con e-parent\" data-id=\"ee95cd1\" data-element_type=\"container\">\n\t\t\t\t\t<div class=\"e-con-inner\">\n\t\t\t\t<div class=\"elementor-element elementor-element-7f591f7 elementor-widget elementor-widget-spacer\" data-id=\"7f591f7\" data-element_type=\"widget\" data-widget_type=\"spacer.default\">\n\t\t\t\t<div class=\"elementor-widget-container\">\n\t\t\t\t\t\t\t<div class=\"elementor-spacer\">\n\t\t\t<div class=\"elementor-spacer-inner\"><\/div>\n\t\t<\/div>\n\t\t\t\t\t\t<\/div>\n\t\t\t\t<\/div>\n\t\t\t\t\t<\/div>\n\t\t\t\t<\/div>\n\t\t<div class=\"elementor-element elementor-element-43d18aa e-flex e-con-boxed e-con e-parent\" data-id=\"43d18aa\" data-element_type=\"container\">\n\t\t\t\t\t<div class=\"e-con-inner\">\n\t\t\t\t<div class=\"elementor-element elementor-element-96ab403 elementor-widget elementor-widget-text-editor\" data-id=\"96ab403\" data-element_type=\"widget\" data-widget_type=\"text-editor.default\">\n\t\t\t\t<div class=\"elementor-widget-container\">\n\t\t\t\t\t\t\t\t\t<p><span class=\"TextRun SCXW17801979 BCX0\" lang=\"FR-FR\" xml:lang=\"FR-FR\" data-contrast=\"auto\"><strong><span class=\"NormalTextRun SCXW17801979 BCX0\">Marie-Jos\u00e9e Auge <\/span><span class=\"NormalTextRun SpellingErrorV2Themed SCXW17801979 BCX0\">Caumon<\/span><\/strong><span class=\"NormalTextRun SCXW17801979 BCX0\">, <\/span><span class=\"NormalTextRun SCXW17801979 BCX0\">conseill\u00e8re de l\u2019USPO et membre du CESE<\/span><span class=\"NormalTextRun SCXW17801979 BCX0\">, <\/span><span class=\"NormalTextRun SCXW17801979 BCX0\">membre CAARUD R\u00e9duire les risques \u00e0 Montpellier<\/span><\/span><span class=\"EOP SCXW17801979 BCX0\" data-ccp-props=\"{}\">\u00a0<\/span><\/p><p><span class=\"TextRun SCXW65615030 BCX0\" lang=\"FR-FR\" xml:lang=\"FR-FR\" data-contrast=\"auto\"><span class=\"NormalTextRun SCXW65615030 BCX0\"><strong>Isabelle Chanel<\/strong>, Directrice Recherche et D\u00e9veloppement, Affaires scientifiques et m\u00e9dicales du Groupe de Boiron\u00a0<\/span><\/span><span class=\"EOP SCXW65615030 BCX0\" data-ccp-props=\"{&quot;201341983&quot;:0,&quot;335559740&quot;:256}\">\u00a0<\/span><\/p><p><span class=\"TextRun SCXW78391383 BCX0\" lang=\"FR-FR\" xml:lang=\"FR-FR\" data-contrast=\"auto\"><strong><span class=\"NormalTextRun SCXW78391383 BCX0\">Christ<\/span><span class=\"NormalTextRun SCXW78391383 BCX0\">elle<\/span> <span class=\"NormalTextRun SCXW78391383 BCX0\">Besnard-<\/span><\/strong><span class=\"NormalTextRun SCXW78391383 BCX0\"><strong>Charvet<\/strong>, <\/span><span class=\"NormalTextRun SCXW78391383 BCX0\">gyn\u00e9cologue, pr\u00e9sidente et fondatrice de l\u2019association Centre Ressource Lyon<\/span><\/span><span class=\"EOP SCXW78391383 BCX0\" data-ccp-props=\"{}\">\u00a0<\/span><\/p><p><span class=\"TextRun SCXW21470368 BCX0\" lang=\"FR-FR\" xml:lang=\"FR-FR\" data-contrast=\"auto\"><strong><span class=\"NormalTextRun SCXW21470368 BCX0\">Pascal <\/span><span class=\"NormalTextRun SpellingErrorV2Themed SCXW21470368 BCX0\">Douek<\/span><\/strong><span class=\"NormalTextRun SCXW21470368 BCX0\">, <\/span><span class=\"NormalTextRun SCXW21470368 BCX0\">m\u00e9decin, patient-expert Scl\u00e9rose en Plaques<\/span><\/span><span class=\"EOP SCXW21470368 BCX0\" data-ccp-props=\"{}\">\u00a0<\/span><\/p><p><span class=\"TextRun SCXW45547519 BCX0\" lang=\"FR-FR\" xml:lang=\"FR-FR\" data-contrast=\"auto\"><strong><span class=\"NormalTextRun SCXW45547519 BCX0\">Pascal <\/span><span class=\"NormalTextRun SpellingErrorV2Themed SCXW45547519 BCX0\">Dureau<\/span><\/strong><span class=\"NormalTextRun SCXW45547519 BCX0\">,\u202fm\u00e9decin g\u00e9n\u00e9raliste<\/span><\/span><span class=\"EOP SCXW45547519 BCX0\" data-ccp-props=\"{&quot;201341983&quot;:0,&quot;335559740&quot;:256}\">\u00a0<\/span><\/p><p><span class=\"TextRun SCXW52363629 BCX0\" lang=\"FR-FR\" xml:lang=\"FR-FR\" data-contrast=\"auto\"><strong><span class=\"NormalTextRun SCXW52363629 BCX0\">Laurence <\/span><span class=\"NormalTextRun SpellingErrorV2Themed SCXW52363629 BCX0\">Escalup,<\/span><\/strong><span class=\"NormalTextRun SCXW52363629 BCX0\"> pharmacienne <\/span><span class=\"NormalTextRun SCXW52363629 BCX0\">sp\u00e9cialis\u00e9e dans le domaine des soins en oncologie \u00e0 l\u2019Institut Curie,<\/span><span class=\"NormalTextRun SCXW52363629 BCX0\"> membre d\u2019UNICANCER<\/span><\/span><\/p><p><span class=\"EOP SCXW52363629 BCX0\" data-ccp-props=\"{&quot;201341983&quot;:0,&quot;335559740&quot;:256}\"><span class=\"TextRun SCXW165195911 BCX0\" lang=\"FR-FR\" xml:lang=\"FR-FR\" data-contrast=\"auto\"><strong><span class=\"NormalTextRun SCXW165195911 BCX0\">Marie-Madeleine <\/span><span class=\"NormalTextRun SpellingErrorV2Themed SCXW165195911 BCX0\">Gilanton<\/span><\/strong><span class=\"NormalTextRun SCXW165195911 BCX0\">, Pr\u00e9sidente d\u2019APAISER S&amp;C<\/span><\/span><span class=\"EOP SCXW165195911 BCX0\" data-ccp-props=\"{}\">\u00a0<\/span>\u00a0<\/span><\/p><p><span class=\"TextRun SCXW171166408 BCX0\" lang=\"FR-FR\" xml:lang=\"FR-FR\" data-contrast=\"auto\"><strong><span class=\"NormalTextRun SCXW171166408 BCX0\">S\u00e9bastien <\/span><span class=\"NormalTextRun SpellingErrorV2Themed SCXW171166408 BCX0\">Gu\u00e9rard<\/span><\/strong><span class=\"NormalTextRun SCXW171166408 BCX0\">, Pr\u00e9sident UNPS, Pr\u00e9sident FFMKR<\/span><\/span><span class=\"EOP SCXW171166408 BCX0\" data-ccp-props=\"{&quot;201341983&quot;:0,&quot;335559740&quot;:256}\">\u00a0<\/span><\/p><p><span class=\"TextRun SCXW7048813 BCX0\" lang=\"FR-FR\" xml:lang=\"FR-FR\" data-contrast=\"auto\"><span class=\"NormalTextRun SCXW7048813 BCX0\"><strong>Anne Le Grand<\/strong>, infirmi\u00e8re et patient-expert Scl\u00e9rose en Plaques (SEP)<\/span><\/span><span class=\"EOP SCXW7048813 BCX0\" data-ccp-props=\"{}\">\u00a0<\/span><\/p><p><span class=\"TextRun SCXW47764733 BCX0\" lang=\"FR-FR\" xml:lang=\"FR-FR\" data-contrast=\"auto\"><strong><span class=\"NormalTextRun SCXW47764733 BCX0\">Ren\u00e9 <\/span><span class=\"NormalTextRun SpellingErrorV2Themed SCXW47764733 BCX0\">Maarek<\/span><\/strong><span class=\"NormalTextRun SCXW47764733 BCX0\">, <\/span><span class=\"NormalTextRun SCXW47764733 BCX0\">pharmacien et membre du CST Cannabis de l\u2019ANSM<\/span><span class=\"NormalTextRun SCXW47764733 BCX0\">, Pr\u00e9sident de <\/span><span class=\"NormalTextRun SCXW47764733 BCX0\">l\u2019ADEEM <\/span><span class=\"NormalTextRun SCXW47764733 BCX0\">(association d\u00e9veloppement de l<\/span><span class=\"NormalTextRun SCXW47764733 BCX0\">\u2019<\/span><span class=\"NormalTextRun SCXW47764733 BCX0\">enseignement de l\u2019entretien motivationnel) et pr\u00e9sident de PHARM ADDICT<\/span><\/span><span class=\"TextRun SCXW47764733 BCX0\" lang=\"FR-FR\" xml:lang=\"FR-FR\" data-contrast=\"auto\"><span class=\"NormalTextRun SCXW47764733 BCX0\">\u202f<\/span><\/span><span class=\"EOP SCXW47764733 BCX0\" data-ccp-props=\"{}\">\u00a0<\/span><\/p><p><span class=\"TextRun SCXW207028918 BCX0\" lang=\"FR-FR\" xml:lang=\"FR-FR\" data-contrast=\"auto\"><span class=\"NormalTextRun SCXW207028918 BCX0\"><strong>G\u00e9rard Mick<\/strong>, neurologue, neurobiologiste<\/span><\/span><span class=\"EOP SCXW207028918 BCX0\" data-ccp-props=\"{&quot;201341983&quot;:0,&quot;335559740&quot;:256}\">\u00a0<\/span><\/p><p><span class=\"TextRun Highlight SCXW174661119 BCX0\" lang=\"FR-FR\" xml:lang=\"FR-FR\" data-contrast=\"none\"><span class=\"NormalTextRun SCXW174661119 BCX0\"><strong>Fabrice Olivet<\/strong>, <\/span><\/span><span class=\"TextRun SCXW174661119 BCX0\" lang=\"FR-FR\" xml:lang=\"FR-FR\" data-contrast=\"auto\"><span class=\"NormalTextRun SCXW174661119 BCX0\">ex-pr\u00e9sident d\u2019Auto-support des usagers de drogues (ASUD)<\/span><\/span><span class=\"EOP SCXW174661119 BCX0\" data-ccp-props=\"{&quot;201341983&quot;:0,&quot;335559740&quot;:256}\">\u00a0<\/span><\/p><p><span class=\"TextRun SCXW199449613 BCX0\" lang=\"FR-FR\" xml:lang=\"FR-FR\" data-contrast=\"auto\"><strong><span class=\"NormalTextRun SCXW199449613 BCX0\">Antoine <\/span><\/strong><span class=\"NormalTextRun SCXW199449613 BCX0\"><strong>Vial<\/strong>, m\u00e9decin sant\u00e9 publique, cofondateur de Living <\/span><span class=\"NormalTextRun SpellingErrorV2Themed SpellingErrorHighlight SCXW199449613 BCX0\">Lab<\/span><\/span><span class=\"EOP SCXW199449613 BCX0\" data-ccp-props=\"{&quot;201341983&quot;:0,&quot;335559740&quot;:256}\">\u00a0<\/span><\/p>\t\t\t\t\t\t\t\t<\/div>\n\t\t\t\t<\/div>\n\t\t\t\t\t<\/div>\n\t\t\t\t<\/div>\n\t\t<div class=\"elementor-element elementor-element-4f70339 e-flex e-con-boxed e-con e-parent\" data-id=\"4f70339\" data-element_type=\"container\">\n\t\t\t\t\t<div class=\"e-con-inner\">\n\t\t\t\t<div class=\"elementor-element elementor-element-7d460bc elementor-widget elementor-widget-spacer\" data-id=\"7d460bc\" data-element_type=\"widget\" data-widget_type=\"spacer.default\">\n\t\t\t\t<div class=\"elementor-widget-container\">\n\t\t\t\t\t\t\t<div class=\"elementor-spacer\">\n\t\t\t<div class=\"elementor-spacer-inner\"><\/div>\n\t\t<\/div>\n\t\t\t\t\t\t<\/div>\n\t\t\t\t<\/div>\n\t\t\t\t\t<\/div>\n\t\t\t\t<\/div>\n\t\t\t\t<\/div>\n\t\t","protected":false},"excerpt":{"rendered":"<p>Membres Marie-Jos\u00e9e Auge Caumon, conseill\u00e8re de l\u2019USPO et membre du CESE, membre CAARUD R\u00e9duire les risques \u00e0 Montpellier\u00a0 Isabelle Chanel, [&hellip;]<\/p>\n","protected":false},"author":2,"featured_media":0,"parent":0,"menu_order":0,"comment_status":"closed","ping_status":"closed","template":"","meta":{"site-sidebar-layout":"no-sidebar","site-content-layout":"","ast-site-content-layout":"full-width-container","site-content-style":"default","site-sidebar-style":"default","ast-global-header-display":"","ast-banner-title-visibility":"","ast-main-header-display":"","ast-hfb-above-header-display":"","ast-hfb-below-header-display":"","ast-hfb-mobile-header-display":"","site-post-title":"disabled","ast-breadcrumbs-content":"","ast-featured-img":"disabled","footer-sml-layout":"","theme-transparent-header-meta":"","adv-header-id-meta":"","stick-header-meta":"","header-above-stick-meta":"","header-main-stick-meta":"","header-below-stick-meta":"","astra-migrate-meta-layouts":"default","ast-page-background-enabled":"default","ast-page-background-meta":{"desktop":{"background-color":"var(--ast-global-color-4)","background-image":"","background-repeat":"repeat","background-position":"center center","background-size":"auto","background-attachment":"scroll","background-type":"","background-media":"","overlay-type":"","overlay-color":"","overlay-opacity":"","overlay-gradient":""},"tablet":{"background-color":"","background-image":"","background-repeat":"repeat","background-position":"center center","background-size":"auto","background-attachment":"scroll","background-type":"","background-media":"","overlay-type":"","overlay-color":"","overlay-opacity":"","overlay-gradient":""},"mobile":{"background-color":"","background-image":"","background-repeat":"repeat","background-position":"center center","background-size":"auto","background-attachment":"scroll","background-type":"","background-media":"","overlay-type":"","overlay-color":"","overlay-opacity":"","overlay-gradient":""}},"ast-content-background-meta":{"desktop":{"background-color":"var(--ast-global-color-5)","background-image":"","background-repeat":"repeat","background-position":"center center","background-size":"auto","background-attachment":"scroll","background-type":"","background-media":"","overlay-type":"","overlay-color":"","overlay-opacity":"","overlay-gradient":""},"tablet":{"background-color":"var(--ast-global-color-5)","background-image":"","background-repeat":"repeat","background-position":"center center","background-size":"auto","background-attachment":"scroll","background-type":"","background-media":"","overlay-type":"","overlay-color":"","overlay-opacity":"","overlay-gradient":""},"mobile":{"background-color":"var(--ast-global-color-5)","background-image":"","background-repeat":"repeat","background-position":"center center","background-size":"auto","background-attachment":"scroll","background-type":"","background-media":"","overlay-type":"","overlay-color":"","overlay-opacity":"","overlay-gradient":""}},"footnotes":""},"class_list":["post-61","page","type-page","status-publish","hentry"],"yoast_head":"<!-- This site is optimized with the Yoast SEO plugin v25.4 - https:\/\/yoast.com\/wordpress\/plugins\/seo\/ -->\n<title>Qui sommes-nous ? - CannabiSant\u00e9<\/title>\n<meta name=\"robots\" content=\"index, follow, max-snippet:-1, max-image-preview:large, max-video-preview:-1\" \/>\n<link rel=\"canonical\" href=\"https:\/\/cannabisante.org\/index.php\/qui-sommes-nous\/\" \/>\n<meta property=\"og:locale\" content=\"fr_FR\" \/>\n<meta property=\"og:type\" content=\"article\" \/>\n<meta property=\"og:title\" content=\"Qui sommes-nous ? - CannabiSant\u00e9\" \/>\n<meta property=\"og:description\" content=\"Membres Marie-Jos\u00e9e Auge Caumon, conseill\u00e8re de l\u2019USPO et membre du CESE, membre CAARUD R\u00e9duire les risques \u00e0 Montpellier\u00a0 Isabelle Chanel, [&hellip;]\" \/>\n<meta property=\"og:url\" content=\"https:\/\/cannabisante.org\/index.php\/qui-sommes-nous\/\" \/>\n<meta property=\"og:site_name\" content=\"CannabiSant\u00e9\" \/>\n<meta property=\"article:modified_time\" content=\"2024-12-17T15:16:00+00:00\" \/>\n<meta name=\"twitter:card\" content=\"summary_large_image\" \/>\n<meta name=\"twitter:label1\" content=\"Dur\u00e9e de lecture estim\u00e9e\" \/>\n\t<meta name=\"twitter:data1\" content=\"1 minute\" \/>\n<script type=\"application\/ld+json\" class=\"yoast-schema-graph\">{\"@context\":\"https:\/\/schema.org\",\"@graph\":[{\"@type\":\"WebPage\",\"@id\":\"https:\/\/cannabisante.org\/index.php\/qui-sommes-nous\/\",\"url\":\"https:\/\/cannabisante.org\/index.php\/qui-sommes-nous\/\",\"name\":\"Qui sommes-nous ? - CannabiSant\u00e9\",\"isPartOf\":{\"@id\":\"https:\/\/cannabisante.org\/#website\"},\"datePublished\":\"2024-11-20T14:08:42+00:00\",\"dateModified\":\"2024-12-17T15:16:00+00:00\",\"breadcrumb\":{\"@id\":\"https:\/\/cannabisante.org\/index.php\/qui-sommes-nous\/#breadcrumb\"},\"inLanguage\":\"fr-FR\",\"potentialAction\":[{\"@type\":\"ReadAction\",\"target\":[\"https:\/\/cannabisante.org\/index.php\/qui-sommes-nous\/\"]}]},{\"@type\":\"BreadcrumbList\",\"@id\":\"https:\/\/cannabisante.org\/index.php\/qui-sommes-nous\/#breadcrumb\",\"itemListElement\":[{\"@type\":\"ListItem\",\"position\":1,\"name\":\"Accueil\",\"item\":\"https:\/\/cannabisante.org\/\"},{\"@type\":\"ListItem\",\"position\":2,\"name\":\"Qui sommes-nous ?\"}]},{\"@type\":\"WebSite\",\"@id\":\"https:\/\/cannabisante.org\/#website\",\"url\":\"https:\/\/cannabisante.org\/\",\"name\":\"CannabiSant\u00e9\",\"description\":\" \",\"publisher\":{\"@id\":\"https:\/\/cannabisante.org\/#organization\"},\"potentialAction\":[{\"@type\":\"SearchAction\",\"target\":{\"@type\":\"EntryPoint\",\"urlTemplate\":\"https:\/\/cannabisante.org\/?s={search_term_string}\"},\"query-input\":{\"@type\":\"PropertyValueSpecification\",\"valueRequired\":true,\"valueName\":\"search_term_string\"}}],\"inLanguage\":\"fr-FR\"},{\"@type\":\"Organization\",\"@id\":\"https:\/\/cannabisante.org\/#organization\",\"name\":\"CannabiSant\u00e9\",\"url\":\"https:\/\/cannabisante.org\/\",\"logo\":{\"@type\":\"ImageObject\",\"inLanguage\":\"fr-FR\",\"@id\":\"https:\/\/cannabisante.org\/#\/schema\/logo\/image\/\",\"url\":\"https:\/\/cannabisante.org\/wp-content\/uploads\/2024\/11\/cropped-logo_original_CannabiSante_rvb-1.jpg\",\"contentUrl\":\"https:\/\/cannabisante.org\/wp-content\/uploads\/2024\/11\/cropped-logo_original_CannabiSante_rvb-1.jpg\",\"width\":1769,\"height\":799,\"caption\":\"CannabiSant\u00e9\"},\"image\":{\"@id\":\"https:\/\/cannabisante.org\/#\/schema\/logo\/image\/\"}}]}<\/script>\n<!-- \/ Yoast SEO plugin. -->","yoast_head_json":{"title":"Qui sommes-nous ? - CannabiSant\u00e9","robots":{"index":"index","follow":"follow","max-snippet":"max-snippet:-1","max-image-preview":"max-image-preview:large","max-video-preview":"max-video-preview:-1"},"canonical":"https:\/\/cannabisante.org\/index.php\/qui-sommes-nous\/","og_locale":"fr_FR","og_type":"article","og_title":"Qui sommes-nous ? - CannabiSant\u00e9","og_description":"Membres Marie-Jos\u00e9e Auge Caumon, conseill\u00e8re de l\u2019USPO et membre du CESE, membre CAARUD R\u00e9duire les risques \u00e0 Montpellier\u00a0 Isabelle Chanel, [&hellip;]","og_url":"https:\/\/cannabisante.org\/index.php\/qui-sommes-nous\/","og_site_name":"CannabiSant\u00e9","article_modified_time":"2024-12-17T15:16:00+00:00","twitter_card":"summary_large_image","twitter_misc":{"Dur\u00e9e de lecture estim\u00e9e":"1 minute"},"schema":{"@context":"https:\/\/schema.org","@graph":[{"@type":"WebPage","@id":"https:\/\/cannabisante.org\/index.php\/qui-sommes-nous\/","url":"https:\/\/cannabisante.org\/index.php\/qui-sommes-nous\/","name":"Qui sommes-nous ? - CannabiSant\u00e9","isPartOf":{"@id":"https:\/\/cannabisante.org\/#website"},"datePublished":"2024-11-20T14:08:42+00:00","dateModified":"2024-12-17T15:16:00+00:00","breadcrumb":{"@id":"https:\/\/cannabisante.org\/index.php\/qui-sommes-nous\/#breadcrumb"},"inLanguage":"fr-FR","potentialAction":[{"@type":"ReadAction","target":["https:\/\/cannabisante.org\/index.php\/qui-sommes-nous\/"]}]},{"@type":"BreadcrumbList","@id":"https:\/\/cannabisante.org\/index.php\/qui-sommes-nous\/#breadcrumb","itemListElement":[{"@type":"ListItem","position":1,"name":"Accueil","item":"https:\/\/cannabisante.org\/"},{"@type":"ListItem","position":2,"name":"Qui sommes-nous ?"}]},{"@type":"WebSite","@id":"https:\/\/cannabisante.org\/#website","url":"https:\/\/cannabisante.org\/","name":"CannabiSant\u00e9","description":" ","publisher":{"@id":"https:\/\/cannabisante.org\/#organization"},"potentialAction":[{"@type":"SearchAction","target":{"@type":"EntryPoint","urlTemplate":"https:\/\/cannabisante.org\/?s={search_term_string}"},"query-input":{"@type":"PropertyValueSpecification","valueRequired":true,"valueName":"search_term_string"}}],"inLanguage":"fr-FR"},{"@type":"Organization","@id":"https:\/\/cannabisante.org\/#organization","name":"CannabiSant\u00e9","url":"https:\/\/cannabisante.org\/","logo":{"@type":"ImageObject","inLanguage":"fr-FR","@id":"https:\/\/cannabisante.org\/#\/schema\/logo\/image\/","url":"https:\/\/cannabisante.org\/wp-content\/uploads\/2024\/11\/cropped-logo_original_CannabiSante_rvb-1.jpg","contentUrl":"https:\/\/cannabisante.org\/wp-content\/uploads\/2024\/11\/cropped-logo_original_CannabiSante_rvb-1.jpg","width":1769,"height":799,"caption":"CannabiSant\u00e9"},"image":{"@id":"https:\/\/cannabisante.org\/#\/schema\/logo\/image\/"}}]}},"rttpg_featured_image_url":null,"rttpg_author":{"display_name":"Mickael","author_link":"https:\/\/cannabisante.org\/index.php\/author\/mickael\/"},"rttpg_comment":0,"rttpg_category":null,"rttpg_excerpt":"Membres Marie-Jos\u00e9e Auge Caumon, conseill\u00e8re de l\u2019USPO et membre du CESE, membre CAARUD R\u00e9duire les risques \u00e0 Montpellier\u00a0 Isabelle Chanel, [&hellip;]","_links":{"self":[{"href":"https:\/\/cannabisante.org\/index.php\/wp-json\/wp\/v2\/pages\/61","targetHints":{"allow":["GET"]}}],"collection":[{"href":"https:\/\/cannabisante.org\/index.php\/wp-json\/wp\/v2\/pages"}],"about":[{"href":"https:\/\/cannabisante.org\/index.php\/wp-json\/wp\/v2\/types\/page"}],"author":[{"embeddable":true,"href":"https:\/\/cannabisante.org\/index.php\/wp-json\/wp\/v2\/users\/2"}],"replies":[{"embeddable":true,"href":"https:\/\/cannabisante.org\/index.php\/wp-json\/wp\/v2\/comments?post=61"}],"version-history":[{"count":91,"href":"https:\/\/cannabisante.org\/index.php\/wp-json\/wp\/v2\/pages\/61\/revisions"}],"predecessor-version":[{"id":343,"href":"https:\/\/cannabisante.org\/index.php\/wp-json\/wp\/v2\/pages\/61\/revisions\/343"}],"wp:attachment":[{"href":"https:\/\/cannabisante.org\/index.php\/wp-json\/wp\/v2\/media?parent=61"}],"curies":[{"name":"wp","href":"https:\/\/api.w.org\/{rel}","templated":true}]}}